 39 - m**2. What is v(-5)?
-6
Suppose -470*h + 375*h + 570 = 0. Let n(j) = 3*j**2 - 13*j - 5. Give n(h).
25
Let p(m) be the second derivative of m**4/12 - m**3 - 31*m**2/2 - 419*m. What is p(10)?
9
Let o be 3 + 6/4*38/(-57). Let d(r) = -o + 7*r + 4*r - 7*r + 0*r. Calculate d(1).
2
Suppose -87 = -2*l - 99. Let c(i) = i**2. Let x(g) = -7*g**2 + 3*g + 2. Let v(h) = l*c(h) - x(h). Let m = 11 + -7. Calculate v(m).
2
Let u(b) = -2*b**2 - 175*b - 12. Let v(k) = -6*k**2 - 556*k - 38. Let s(f) = 19*u(f) - 6*v(f). Calculate s(9).
-63
Let x(o) = 2. Let c(f) = 3*f - 3. Let i(p) = c(p) + 3*x(p). Let k(w) = 5*w + 3. Let q(t) = -3*i(t) + 2*k(t). What is q(6)?
3
Let b(n) = n**3 - 5*n**2 - n - 1. Let v(h) = -h**3 + 6*h**2. Let f(d) = 3*b(d) + 2*v(d). Let c be 1497/(-499) + (-2 + 1)*-7. Give f(c).
1
Let f(y) = y**2 + 4*y - 12. Suppose -167*v + 80*v = -609. What is f(v)?
65
Let u(w) = -20*w**3 + w - 5 - 4*w + 1010*w**2 - 2023*w**2 + 3 + 1009*w**2. Determine u(-1).
17
Let b be (-2)/6 - -8*(-6)/(-9). Suppose -b*f - 19 = 31. Let t(a) = -a**2 - 12*a - 10. Determine t(f).
10
Let j(s) = 3*s - 101*s**2 + 102*s**2 - s**3 - 15 - 8*s**2. Calculate j(-9).
120
Let s(p) = -p**2 + 4*p + 16. Suppose 75*y + 368 = 121*y. Determine s(y).
-16
Let a(u) be the second derivative of -7*u**3/6 + 55*u**2/2 - 1240*u. Calculate a(5).
20
Suppose -63*j + 12 = -60*j + 4*w, 3*w = 3*j + 9. Let r(d) = 2*d + 41. Give r(j).
41
Let b(v) = -37*v**2 + 3*v - 4. Suppose 114*k + 11*k - 125 = 0. Calculate b(k).
-38
Let x be (120/100)/((-6)/20). Let y(f) = -f - 4. Let s be y(x). Suppose -5*m + 1 - 11 = s. Let n(w) = w**2 - 2*w - 3. Calculate n(m).
5
Let u = 27 + -28. Let v be u/4 - (-1)/4. Let j be ((-1)/2 + 0 + v)*12. Let t(k) = k**3 + 6*k**2 + k - 1. Calculate t(j).
-7
Let o(m) = m**2 - 29*m - 607. Let v be o(43). Let c(s) = -2*s**2 - 6*s + 4. Give c(v).
-16
Let q(j) = -j**2 - j - 5. Suppose 108 = 4*z + 96, -4*m - 23 = -5*z. Give q(m).
-7
Let f(y) = -2*y**2 - 118 + 53 + 66. Determine f(2).
-7
Let n(w) = -w + 1. Let g(i) = i - 2 + 3*i + i**2 - 7*i. Let p(m) = -g(m) + n(m). Suppose -19*x + 21 = -36. Give p(x).
0
Let w(m) = -m**3 + 4*m**2 - 3*m. Let p(u) be the first derivative of 3*u**2/2 - 22*u - 12. Let y be p(6). Let l be (y/6 - 0)*18/(-4). Calculate w(l).
0
Let a(q) = -q**2 - 10*q - 9. Suppose -228*k + 264*k = -360. Calculate a(k).
-9
Suppose 0 = 42*f - 33*f - 333. Let j(x) = x - 29 + 74 - 2*x - f. Let u = -21 - -30. Give j(u).
-1
Let o(a) = -5 - 20 - 9 + 16 + 15*a. Determine o(4).
42
Suppose -5*n = 5*l - 30, -28*n - 4*l = -33*n + 12. Let u(y) = -2*y**3 + y**3 - n*y + 3*y**3 + 9*y**2 - y**3 + 9 + 17*y. Calculate u(-8).
-31
Suppose -3*t + w - 1 = 0, 27*w + 2 = 26*w. Let y(n) = 9*n**3 - n**2 - n + 2. Let i(j) = -j**3 + j. Let b(z) = -2*i(z) - y(z). Calculate b(t).
7
Let m(s) = -4*s**2 - 9*s - 14. Let b be (-30)/225 - 217/35 - (-12)/9. Determine m(b).
-69
Let x(a) = 2*a**2 - 67*a + 394. Let j(r) = -r**2 + 32*r - 188. Let h(g) = -5*j(g) - 2*x(g). Give h(10).
-8
Let n(p) = -13*p - 122. Let w be n(-9). Let l(d) = 0*d + 5*d - 10 - d + d. Let j(f) = -6*f + 11. Let s(b) = w*l(b) - 4*j(b). Determine s(10).
-4
Let v(u) = -1 - 885*u**2 + 1770*u**2 - 878*u**2. Let k(g) = -21*g**2 + 0*g + 0*g + 4 + g. Let q(j) = 2*k(j) + 7*v(j). Calculate q(-1).
6
Let i(m) = 7*m + 6. Suppose 25*o = -41 + 16. What is i(o)?
-1
Let o(c) = 2*c + 4. Let u(f) = 7*f + 4 + 0 - f**2 + 5. Let g be u(-6). Let s = -72 - g. Calculate o(s).
-2
Let f(c) be the first derivative of -c**3/3 + c**2 - c + 1. Suppose 4*x = -18 + 2. Let b(a) = a**2 - 2*a + 2. Let s(i) = x*f(i) - 3*b(i). Calculate s(3).
1
Let y = 94 + -94. Suppose 4*w = -s + 3*s + 4, y = -3*s + 4*w - 4. Let p(i) = i - i**3 - 5 - i**2 - 5 + 0*i**2. Give p(s).
-10
Let k(n) = -n**2 - 7*n - 8. Let w be k(-6). Let b = -17 + 18. Let x(t) = t + 4*t**2 + t**2 + b - 3*t**2 + 2*t**3 + 0*t**2. What is x(w)?
-9
Suppose -23 - 40 = -7*r. Suppose 2*f - 5*d = r, 0 = 4*d - 5*d - 1. Let l(o) = -o + 0*o**2 + 5*o + 2*o**f - 2*o + 2 + 2*o**3. Calculate l(-2).
-10
Let t be 168/35 - 1/(-5). Let z(u) = 2*u**3 - 12*u**2 + 5*u + 8. Determine z(t).
-17
Let a(r) = -r**2 - 5*r - 6. Let c be 12/(-40)*6 - 1/5. Let k be ((-14)/21 - c)*9/(-2). Determine a(k).
-12
Let v(j) = 4*j**2 + 5*j - 5. Suppose -3*h + 20*z = 19*z - 1, 3*z - 6 = 0. Calculate v(h).
4
Let w(o) be the first derivative of -o**4/4 + 4*o**3 + 3*o**2/2 - 5*o + 348. What is w(12)?
31
Let z(w) be the third derivative of -w**5/60 - 25*w**4/24 - 82*w**3/3 - 8459*w**2. Give z(-12).
-8
Suppose 29*d - 25*d - 68 = -6*r, -r - 3*d = -30. Let s(y) = 5*y**2 - 21*y. Calculate s(r).
54
Let o(n) be the third derivative of -n**6/15 + n**4/12 + n**3/6 - 16*n**2 - 3*n + 3. Suppose -2*s - 2 = -0. Calculate o(s).
7
Let w(c) be the first derivative of 7*c**3/3 + 8*c**2 - 33*c + 79. Let o(v) = 3*v**2 + 8*v - 16. Let k(h) = 5*o(h) - 2*w(h). What is k(-10)?
6
Let p(n) be the third derivative of 0 - 3*n + 1/3*n**3 - 11*n**2 + 1/24*n**4. What is p(2)?
4
Let q(g) = 2 + 189145*g**2 - 32 - 189148*g**2 - 91*g. Determine q(-30).
0
Suppose 39*y - 2024 = 35*y. Let h = y - 501. Let f(r) = r - 10. Calculate f(h).
-5
Let d(c) = c**3 + 14*c**2 + 24*c + 30. Let j(u) = -4*u**3 - 56*u**2 - 94*u - 117. Let a(y) = -23*d(y) - 6*j(y). What is a(-12)?
156
Let w(s) = -46*s**2 - 536 - 521*s + 163 + 45*s**2 + 568*s. What is w(10)?
-3
Let f(b) = -b**3 - 7*b**2 - 7*b + 2. Suppose 17 = -2*v + 57. Let m be ((-16)/v)/((-1)/(-5)). Let o be m + 9 + -5 + -7 + 1. Give f(o).
8
Let q(t) = 2 - 5 + 9 + 5*t**3 - 1 - 10*t**2 - 6*t**3. Give q(-10).
5
Let d(u) = u**3 + 16*u**2 - 2*u - 432. Let g be d(-14). Let t(k) = 12*k + 178. What is t(g)?
34
Let l(r) be the second derivative of 1/20*r**5 + 5/3*r**3 + 0 - 5/6*r**4 - 4*r**2 + 11*r. Let o(g) = g**3 + g**2 - 3*g + 3. Let v be o(2). Determine l(v).
1
Let k(q) = q**2 + 7*q. Let i = -63 - -116. Suppose -3*w - 3*y + i = -16, -y - 89 = -3*w. Suppose -3*h - 4*g - w = 7, -5 = g. Determine k(h).
-10
Let a(r) = 5*r + 17 - r - 29 + 36. Calculate a(-10).
-16
Let z(h) = -2*h**2 + 15*h + 24. Suppose 0 = 2*w + 10, 9*u + w + 23 = 11*u. Calculate z(u).
-3
Let m(j) = -j**3 - j**2 + 9*j - 1. Suppose -5 = -s + 3*c, 7*s = 4*s + 2*c - 6. Give m(s).
11
Let x(b) = b**3 + 5*b**2 + 3*b - 5. Suppose 0 = -3*k - 2*m - 1, -5*m - 11 = -3*k + 23. Suppose -2*c - 5*d = 3, -k*d - 1 = c - 0*d. Give x(c).
-1
Let k(q) = -2*q**2 + 22*q - 93. Let j be 183/488 - 549/(-72). Calculate k(j).
-45
Suppose k - 5*h - 83 = -79, 5 = -5*h. Let j(w) = -11*w**2 - 6*w - 4. What is j(k)?
-9
Let f be -1*(6 + (4 - -1)). Let i(y) = -y**3 - 13*y**2 - 21*y + 22. What is i(f)?
11
Suppose -2*u = j + 3, 4*u = -2*j - 3*j - 9. Let a(l) = l**2 - 3*l - 3. Let s(r) = -r**2. Let x(t) = j*a(t) - 2*s(t). Calculate x(-4).
7
Suppose 21*c + 18 = 27*c. Let u(z) = 161*z - c - z**2 + 13 - 170*z. Let v be u(-10). Let p(k) = -k**2 + 7. What is p(v)?
7
Let q(y) be the first derivative of y**3/3 + 3*y**2/2 - 3*y + 1356. Determine q(-7).
25
Let r(y) = 93 + y - 73 - 40. What is r(-13)?
-33
Let w(b) = -2*b**3 + b**2 + 2. Suppose -4*x = -91 + 75. Suppose 0 = 3*p + 5*r - 11, 0*p + r - 9 = -x*p. Determine w(p).
-10
Suppose -6 = 3*f, 8*l - 24 = 6*l + 4*f. Let o(m) = -m**2 + 9*m + 2. Calculate o(l).
10
Let r(d) = 2*d**2 - 6*d + 3. Suppose 462 = -2*x + 4*m, 9*m = 2*x + 4*m + 457. Let y = 246 + x. Give r(y).
23
Suppose 0 = 2*z - 3*d + 4*d - 68, 3*z - 88 = 2*d. Suppose -b - 7*b - z = 0. Let p be -2 - (-1 + 4) - b. Let c(n) = -11*n**2 - 2*n - 1. Determine c(p).
-10
Let l(h) = -h - 74. Let m = -5548 - -5548. What is l(m)?
-74
Let o(h) = -h**3 + 12*h**2 - 32*h - 6. Suppose -16*w + 699 - 603 = 0. What is o(w)?
18
Suppose -3*c + 224 = 5*c. Let r = c - 25. Let t be 10 - r*4/3. Let j(y) = y**2 - 7*y + 2. Determine j(t).
-4
Suppose -13*d = -17*d + 2*n + 18, 3*n = 5*d - 22. Let i(s) = 5*s - 41 + s + 18. Calculate i(d).
7
Let c(p) = p**2 - 36*p - 35. Let k be c(37). Let m be 0 + (4 - 0 - 4). Let h(w) = m*w + w**k - 5*w + w. Determine h(2).
-4
Let n = -172 + 182. Let v(f) = -17 - 4*f**3 - 8*f**2 + 7*f + 20 - 5*f**3 + n*f**3. Suppose 33 = 4*z + 5*i, i + 20 = 4*z - 7. Calculate v(z).
3
Let x(r) = -14*r**3 - 2*r**2 + 1. Let f = 73 + -79. Let p be -2 - (f - -5)*-9. Let q be (p/22)/((-2)/(-4)). What is x(q)?
13
Suppose -146 = -p - 138. Let t(s) be the second derivative